Is 23460401 prime?
True
Is 20677609 a prime number?
False
Is 7426319 a composite number?
False
Is 1138901165 prime?
False
Is 42229549 a composite number?
True
Is 3123671 composite?
False
Is 1074061 a prime number?
True
Is 332529077 composite?
False
Is 776047 prime?
True
Is 2340959 a composite number?
False
Is 35643577 prime?
False
Is 17745781 prime?
False
Is 62743519 composite?
False
Is 76021861 prime?
False
Is 35909767 a composite number?
True
Is 1641137 prime?
True
Is 6009991 a composite number?
True
Is 104501 prime?
False
Is 11256643 composite?
False
Is 188827 prime?
True
Is 18903113 a composite number?
False
Is 2731585 prime?
False
Is 108120409 prime?
False
Is 45149554 a prime number?
False
Is 169003 composite?
False
Is 29085307 a prime number?
False
Is 14482277 a composite number?
True
Is 167861 a composite number?
False
Is 400667 a prime number?
False
Is 30341269 composite?
True
Is 2037977 composite?
True
Is 8434039 a composite number?
True
Is 6089999 prime?
True
Is 149390429 a composite number?
True
Is 205103567 prime?
False
Is 39220591 a composite number?
False
Is 148931551 a prime number?
False
Is 6044219 a composite number?
False
Is 1971339287 a prime number?
True
Is 2622959 prime?
True
Is 164813827 a composite number?
True
Is 5414257 composite?
True
Is 9395147 a prime number?
True
Is 2425187 a composite number?
True
Is 99007437 composite?
True
Is 7341617 prime?
True
Is 7659901 composite?
False
Is 6949211 prime?
False
Is 1194407 a composite number?
False
Is 17755339 composite?
True
Is 246381659 prime?
True
Is 62016667 a prime number?
True
Is 1601687 prime?
True
Is 2739089 a prime number?
True
Is 27910367 a composite number?
True
Is 2041421 a composite number?
False
Is 18352349 prime?
True
Is 2594323 prime?
False
Is 2550937 composite?
False
Is 2878297 prime?
True
Is 48451951 prime?
True
Is 158683163 composite?
True
Is 944877755 a prime number?
False
Is 358811 a composite number?
False
Is 1830319 prime?
True
Is 1049317 a composite number?
True
Is 57339313 a composite number?
True
Is 93219647 a composite number?
False
Is 35772137 a prime number?
True
Is 37344347 prime?
True
Is 272767939 a prime number?
False
Is 236159357 a composite number?
True
Is 3445069 a composite number?
True
Is 41251277 prime?
True
Is 1041559 a prime number?
True
Is 117336979 a prime number?
True
Is 329701 a prime number?
False
Is 22660019 a prime number?
True
Is 11554779 prime?
False
Is 47687833 a composite number?
False
Is 103909 a composite number?
True
Is 237066293 a prime number?
False
Is 488110607 prime?
False
Is 33695813 composite?
True
Is 1243051 a composite number?
True
Is 10625759 a prime number?
True
Is 405169 composite?
True
Is 5371027 prime?
False
Is 416107037 a prime number?
True
Is 236128831 composite?
False
Is 55416289 a prime number?
True
Is 3568231 a prime number?
True
Is 3137003 a prime number?
True
Is 5533333 prime?
False
Is 3102157 composite?
True
Is 855059 a prime number?
True
Is 8967097 prime?
True
Is 117950909 composite?
False
Is 17057147 a composite number?
True
Is 6422711 a prime number?
True
Is 31801831 a composite number?
False
Is 253679 composite?
False
Is 4847371 a composite number?
False
Is 1306369 a prime number?
False
Is 1003433 a prime number?
True
Is 21678313 prime?
True
Is 463039067 a prime number?
False
Is 5043503 composite?
True
Is 438166 a composite number?
True
Is 1710089 prime?
False
Is 1365191 a prime number?
False
Is 2269237 a composite number?
False
Is 1651421 composite?
True
Is 2129951 prime?
True
Is 25500229 a composite number?
False
Is 2795943 a prime number?
False
Is 117604859 a composite number?
True
Is 20633933 prime?
True
Is 3940499 composite?
False
Is 14254733 a composite number?
True
Is 2915699 composite?
False
Is 7073821 a prime number?
True
Is 622349503 prime?
False
Is 277513 a prime number?
True
Is 78194189 a prime number?
True
Is 8042263 composite?
True
Is 4419257 a composite number?
True
Is 13683389 a composite number?
True
Is 2417447 a composite number?
False
Is 3075127 a prime number?
False
Is 219326539 prime?
True
Is 235648669 a composite number?
False
Is 6406273 a prime number?
False
Is 62564477 composite?
False
Is 1417501 prime?
False
Is 332720911 a composite number?
False
Is 196325509 composite?
True
Is 15087289 a composite number?
True
Is 37217813 a prime number?
True
Is 1401498893 a composite number?
False
Is 56493277 a composite number?
False
Is 890509 a composite number?
True
Is 13563673 a prime number?
True
Is 177577349 composite?
False
Is 8107519 a prime number?
False
Is 6386767 a prime number?
False
Is 6485455 prime?
False
Is 95962301 a composite number?
False
Is 26181851 a composite number?
False
Is 20733383 a prime number?
False
Is 25242611 a prime number?
True
Is 168941887 a prime number?
True
Is 17597273 a composite number?
False
Is 22142089 composite?
False
Is 5998409 prime?
True
Is 883307 composite?
False
Is 241498853 composite?
False
Is 41747221 a composite number?
False
Is 979919 prime?
True
Is 258362789 a prime number?
True
Is 24885721 prime?
False
Is 1609847 a prime number?
False
Is 88039649 a prime number?
True
Is 31288885 composite?
True
Is 309391954 a prime number?
False
Is 229259 a prime number?
False
Is 8309807 composite?
True
Is 93009343 a composite number?
True
Is 403709 composite?
True
Is 442815041 prime?
False
Is 137782141 a prime number?
False
Is 1109093503 prime?
False
Is 54437917 a composite number?
False
Is 16448323 a composite number?
False
Is 3502847 a prime number?
True
Is 12209207 a prime number?
True
Is 45916333 a prime number?
True
Is 140979277 composite?
False
Is 927893 a composite number?
True
Is 512490007 prime?
False
Is 187610153 a composite number?
False
Is 1707292703 a composite number?
False
Is 525654401 composite?
False
Is 10525289 composite?
True
Is 2717381 composite?
True
Is 5418947 prime?
True
Is 88063 a prime number?
False
Is 8474383 composite?
True
Is 211803071 a prime number?
True
Is 733569413 prime?
False
Is 2296727 composite?
False
Is 3047669 composite?
False
Is 93552215 a composite number?
True
Is 256604819 a prime number?
False
Is 13836217 prime?
True
Is 601337057 a composite number?
False
Is 98098666 prime?
False
Is 12806249 a prime number?
True
Is 47777503 a composite number?
False
Is 1122419 prime?
True
Is 858373 a composite number?
False
Is 37738109 prime?
True
Is 13946279 composite?
False
Is 2025254789 a composite number?
False
Is 5895809 composite?
False
Is 33136663 a prime number?
False
Is 2168219 prime?
True
Is 430504321 a composite number?
True
Is 20835137 a composite number?
True
Is 731537 a prime number?
False
Is 6900631 a composite number?
True
Is 569479 composite?
False
Is 779377 a composite number?
False
Is 2737373 composite?
True
Is 20567827 prime?
False
Is 904201 a prime number?
True
Is 118296781 prime?
True
Is 27766429 prime?
False
Is 3877123 prime?
True
Is 2682457 composite?
False
Is 340388606 composite?
True
Is 289607039 composite?
False
Is 1043989 composite?
True
Is 18233851 prime?
True
Is 61436213 a prime number?
True
Is 4266223 a prime number?
False
Is 2166221 a composite number?
False
Is 133053157 prime?
False
Is 1099751 a composite number?
True
Is 9062381 composite?
True
Is 86219831 prime?
True
Is 673583 composite?
True
Is 4297831 a composite number?
True
Is 85658527 composite?
False
Is 2296051 prime?
False
Is 524162917 prime?
True
Is 112391 a prime number?
False
Is 1228813 composite?
True
Is 28332379 prime?
True
Is 4377379 a prime number?
True
Is 13322941 prime?
False
Is 64131269 prime?
True
Is 11651111 composite?
False
Is 824669 prime?
True
Is 18443527 prime?
False
Is 125759267 a composite number?
True
Is 23661443 a composite number?
True
Is 35869618 a prime number?
False
Is 7451669 a prime number?
True
Is 3611981 a prime number?
True
Is 45244051 a prime number?
False
Is 22989847 prime?
True
Is 3211217 composite?
True
Is 11502143 a prime number?
True
Is 273737591 a composite number?
False
Is 5734801 prime?
True
Is 27603533 prime?
False
Is 337877 prime?
False
Is 34753963 a prime number?
True
Is 1649903 a composite number?
True
Is 46764169 a composite number?
False
Is 1580851 a prime number?
True
Is 5560883 a prime number?
True
Is 209747 prime?
False
Is 10651213 prime?
True
Is 347734267 a composite number?
False
Is 2380